04?
4
What is the ten millions digit of 5294204114?
9
What is the hundred thousands digit of 759258247?
2
What is the units digit of 613988560?
0
What is the units digit of 148173845?
5
What is the millions digit of 1814576624?
4
What is the ten millions digit of 98458986?
9
What is the millions digit of 217693901?
7
What is the ten millions digit of 32318194?
3
What is the tens digit of 397946289?
8
What is the billions digit of 1083911253?
1
What is the hundred thousands digit of 2823134231?
1
What is the thousands digit of 475659635?
9
What is the thousands digit of 75613756?
3
What is the tens digit of 670280931?
3
What is the tens digit of 28459608?
0
What is the thousands digit of 220246826?
6
What is the thousands digit of 3076006500?
6
What is the ten thousands digit of 175729654?
2
What is the thousands digit of 23582149?
2
What is the ten thousands digit of 164155912?
5
What is the millions digit of 126638451?
6
What is the hundred thousands digit of 267452629?
4
What is the hundreds digit of 52083039?
0
What is the hundreds digit of 1474926339?
3
What is the tens digit of 6294091534?
3
What is the millions digit of 1507254508?
7
What is the ten millions digit of 816008868?
1
What is the hundred thousands digit of 8295316?
2
What is the units digit of 22468028?
8
What is the units digit of 1986912664?
4
What is the hundreds digit of 28600617?
6
What is the ten millions digit of 847816088?
4
What is the units digit of 113108206?
6
What is the thousands digit of 263499002?
9
What is the tens digit of 50188960?
6
What is the tens digit of 113330146?
4
What is the tens digit of 153981945?
4
What is the tens digit of 26370412?
1
What is the hundreds digit of 7863973634?
6
What is the thousands digit of 296457100?
7
What is the tens digit of 4755224?
2
What is the hundred millions digit of 100306480?
1
What is the ten thousands digit of 639642718?
4
What is the hundred millions digit of 332907177?
3
What is the thousands digit of 10181627?
1
What is the ten thousands digit of 192860924?
6
What is the units digit of 155969326?
6
What is the thousands digit of 292431655?
1
What is the millions digit of 1458600173?
8
What is the ten thousands digit of 277081385?
8
What is the thousands digit of 2630951571?
1
What is the tens digit of 27221988?
8
What is the hundreds digit of 12888529?
5
What is the hundred millions digit of 373204424?
3
What is the tens digit of 324810406?
0
What is the hundreds digit of 50238384?
3
What is the ten millions digit of 103741470?
0
What is the hundred millions digit of 903937562?
9
What is the hundreds digit of 60896146?
1
What is the thousands digit of 121951447?
1
What is the millions digit of 63601329?
3
What is the hundred millions digit of 3389824879?
3
What is the millions digit of 2200947955?
0
What is the hundred thousands digit of 84920191?
9
What is the tens digit of 770692459?
5
What is the billions digit of 1429531663?
1
What is the thousands digit of 272328801?
8
What is the thousands digit of 725932433?
2
What is the millions digit of 170406829?
0
What is the millions digit of 487175987?
7
What is the ten thousands digit of 59794611?
9
What is the hundreds digit of 21735839?
8
What is the hundred millions digit of 1071287643?
0
What is the units digit of 147562274?
4
What is the ten thousands digit of 32318031?
1
What is the hundred thousands digit of 873734357?
7
What is the tens digit of 2876336?
3
What is the thousands digit of 694058?
4
What is the millions digit of 1630380808?
0
What is the ten millions digit of 368794196?
6
What is the ten millions digit of 114832652?
1
What is the hundred millions digit of 351228256?
3
What is the hundred thousands digit of 288012053?
0
What is the ten millions digit of 5129596211?
2
What is the tens digit of 30040474?
7
What is the thousands digit of 46516223?
6
What is the units digit of 75836620?
0
What is the thousands digit of 362916007?
6
What is the millions digit of 9085396?
9
What is the hundred thousands digit of 40582204?
5
What is the millions digit of 1244453050?
4
What is the tens digit of 12402962?
6
What is the thousands digit of 6609994567?
4
What is the billions digit of 2788947407?
2
What is the tens digit of 639958130?
3
What is the tens digit of 267858535?
3
What is the tens digit of 619132528?
2
What is the hundreds digit of 103954770?
7
What is the hundreds digit of 481014005?
0
What is the hundred thousands digit of 3997415427?
4
What is the ten thousands digit of 16180595?
8
What is the hundred thousands digit of 1096838993?
8
What is the tens digit of 378613994?
9
What is the millions digit of 685046667?
5
What is the hundreds digit of 698399536?
5
What is the hundred thousands digit of 842657374?
6
What is the hundred thousands digit of 36483332?
4
What is the hundred millions digit of 276160985?
2
What is the hundred millions digit of 358306785?
3
What is the millions digit of 71774536?
1
What is the ten millions digit of 218107077?
1
What is the ten millions digit of 436522914?
3
What is the ten thousands digit of 1032724163?
2
What is the units digit of 6831965851?
1
What is the units digit of 4602518006?
6
What is the billions digit of 5096157970?
5
What is the hundreds digit of 198279105?
1
What is the hundred millions digit of 1991646056?
9
What is the tens digit of 69080769?
6
What is the ten thousands digit of 29607249?
0
What is the hundreds digit of 2223393759?
7
What is the units digit of 306859180?
0
What is the ten thousands digit of 216113619?
1
What is the ten millions digit of 2676917477?
7
What is the ten millions digit of 966599109?
6
What is the ten millions digit of 38317869?
3
What is the hundred thousands digit of 3964006545?
0
What is the billions digit of 1174932923?
1
What is the units digit of 51641758?
8
What is the tens digit of 1534857514?
1
What is the ten thousands digit of 1675373376?
7
What is the tens digit of 72459659?
5
What is the hundreds digit of 2086825027?
0
What is the tens digit of 828903987?
8
What is the units digit of 128275796?
6
What is the thousands digit of 93462010?
2
What is the millions digit of 749076664?
9
What is the thousands digit of 2392738555?
8
What is the tens digit of 14953118?
1
What is the hundred thousands digit of 556403064?
4
What is the ten millions digit of 19357638?
1
What is the hundred millions digit of 496409965?
4
What is the tens digit of 7295946934?
3
What is the hundred thousands digit of 101596950?
5
What is the hundreds digit of 59414087?
0
What is the ten millions digit of 135107206?
3
What is the thousands digit of 6042740014?
0
What is the thousands digit of 335733503?
3
What is the hundred thousands digit of 659333460?
3
What is the hundred millions digit of 7555487958?
5
What is the hundreds digit of 45307026?
0
What is the ten thousands digit of 63628445?
2
What is the hundred thousands digit of 691173635?
1
What is the ten millions digit of 2544744265?
4
What is the hundreds digit of 4950626281?
2
What is the hundred millions digit of 3260600422?
2
What is the ten millions digit of 20882711?
2
What is the tens digit of 250340275?
7
What is the hundreds digit of 3267883572?
5
What is the units digit of 23778060?
0
What is the ten thousands digit of 54542718?
4
What is the hundreds digit of 35053099?
0
What is the tens digit of 566612417?
1
What is the hundred thousands digit of 52894034?
8
What is the millions digit of 29242468?
9
What is the millions digit of 1927334541?
7
What is the thousands digit of 281401828?
1
What is the hundred thousands digit of 241051618?
0
What is the ten millions digit of 2459436807?
5
What is the ten millions digit of 315487149?
1
What is the tens digit of 3659361?
6
What is the millions digit of 181339066?
1
What is the millions digit of 192020491?
2
What is the units digit of 272492644?
4
What is the units digit of 980375288?
8
What is the millions digit of 3520687108?
0
What is the hundred millions digit of 2197270387?
1
What is the ten millions digit of 50570468?
5
What is the tens digit of 63488117?
1
What is the tens digit of 185300483?
8
What is the ten millions digit of 917870223?
1
What is the ten thousands digit of 196128926?
2
What is the hundred millions digit of 530723448?
5
What is the thousands di